what is 7 - -35508482?
35508500
In base 11, what is -24318aa1 + 5?
-24318a97
In base 3, what is 2 + 100122221210112012?
100122221210112021
In base 5, what is -12300313431434 - -2?
-12300313431432
In base 2, what is 1000 - -1011001111101110001?
1011001111101111001
In base 11, what is 17 - -183607?
183623
In base 16, what is -4d6 + 179?
-35d
In base 7, what is 0 + 301625215?
301625215
In base 11, what is -1167 + -a384?
-10540
In base 2, what is 10 + -1010000110000001011011000001?
-1010000110000001011010111111
In base 5, what is -212322044 - 12431?
-212340030
In base 7, what is -34441052 + 24?
-34441025
In base 8, what is 5 - 7276074?
-7276067
In base 10, what is 25 + -297964?
-297939
In base 2, what is -1000100111111000000 + 101011?
-1000100111110010101
In base 7, what is -3 + 22221536?
22221533
In base 8, what is 30460 - -22347?
53027
In base 2, what is -10110 - -11011001010110100010100?
11011001010110011111110
In base 12, what is 12672b8 - -82?
126737a
In base 8, what is -5 - -1704441?
1704434
In base 11, what is 0 + -516a6353?
-516a6353
In base 10, what is 726 - -14706?
15432
In base 6, what is -12331014 + 132?
-12330442
In base 6, what is -14505 - 335102?
-354011
In base 13, what is 18ba5127 - 3?
18ba5124
In base 14, what is -5d802 + -21?
-5d823
In base 12, what is 17a8 + -bb?
16a9
In base 11, what is 4391 - 1039a5?
-aa614
In base 12, what is -112612 + -1a?
-112630
In base 12, what is 58b35 + -39?
58ab8
In base 7, what is -23625 - 636550?
-663505
In base 9, what is -10 + -17286483?
-17286503
In base 15, what is -26 + 154411?
1543da
In base 4, what is 21032323232 - 31?
21032323201
In base 14, what is -1579 + -4cc?
-1a67
In base 7, what is 1426134 - 424?
1425410
In base 10, what is -2139 - 3707?
-5846
In base 6, what is -23 + -155452025?
-155452052
In base 13, what is 1a - -1c1c2?
1c20c
In base 7, what is -115224 + 11041?
-104153
In base 6, what is -134 + 351014?
350440
In base 11, what is -5 - -6033825?
6033820
In base 15, what is 2875 - -6c6?
304b
In base 3, what is 201222021210 - -202012?
202000000222
In base 12, what is -1781 - 100?
-1881
In base 15, what is 3029e8 + 3d?
302a36
In base 12, what is 280 - 17512?
-17252
In base 6, what is -4315014 - -55?
-4314515
In base 6, what is -21314434 - -1113?
-21313321
In base 6, what is -2210 + -3234143?
-3240353
In base 16, what is 9 - e8b4f?
-e8b46
In base 15, what is 1cdb - 190?
1b4b
In base 14, what is -656dc + 1025?
-646b7
In base 6, what is -111143 - -2520?
-104223
In base 5, what is -1123314 - -20301?
-1103013
In base 16, what is 75a47a + 38?
75a4b2
In base 13, what is 1189a0014 - -4?
1189a0018
In base 13, what is -20c4 - 31b8?
-52ac
In base 8, what is 1 + -15062563?
-15062562
In base 11, what is 318368427 + 1?
318368428
In base 15, what is 1b4628 + -66?
1b45b2
In base 11, what is 8 - -1512439?
1512446
In base 13, what is -1 + 7770317?
7770316
In base 14, what is -5 + 10100b?
101006
In base 10, what is -546465903 + 3?
-546465900
In base 9, what is -2068 + -2353148?
-2355227
In base 13, what is -bb9 - 5a9?
-1495
In base 15, what is -1be + -2a69?
-2c38
In base 5, what is 4 - 10220013411?
-10220013402
In base 15, what is 4 + 643808?
64380c
In base 16, what is -6cd + 1f01?
1834
In base 15, what is -1c765804 - -5?
-1c7657ee
In base 2, what is -100101101110101110 - 1001001000100?
-100110110111110010
In base 13, what is -a326 + -cc4?
-b31a
In base 16, what is -2ba53 - -11c?
-2b937
In base 11, what is 17a5 - 1805?
-10
In base 5, what is 22410211 - 102?
22410104
In base 5, what is -34143 + -1000100?
-1034243
In base 8, what is 4002 - -1073?
5075
In base 9, what is 27504 + -1623?
25771
In base 13, what is c3 - -7472?
7565
In base 15, what is -d1a89 - 2d?
-d1ab7
In base 2, what is 110000100101 + -101010001101011?
-100100001000110
In base 11, what is 8242227 + 0?
8242227
In base 13, what is -7773 + 754?
-701c
In base 16, what is 44 - -93eda?
93f1e
In base 2, what is 10001110111001101011100111 - 1?
10001110111001101011100110
In base 15, what is -6b3 + 2594?
1dd1
In base 4, what is 3 - 103121312302?
-103121312233
In base 14, what is -2 - -1115342?
1115340
In base 16, what is 17291b9 + 3?
17291bc
In base 16, what is 120d1e - -6?
120d24
In base 2, what is 100010001 - -1000001010011010111000?
1000001010011111001001
In base 11, what is 17 + -4218323?
-4218307
In base 5, what is 341134 - 320?
340314
In base 6, what is 54 - -5002213?
5002311
In base 6, what is 243222 - 20510?
222312
In base 6, what is -31451 - 12030?
-43521
In base 2, what is 10000010010111001 - -1000000?
10000010011111001
In base 4, what is -3132 - 1312320?
-1322112
In base 3, what is -100212 - -201101001101?
201100200112
In base 5, what is 322 + -11440210?
-11434333
In base 15, what is -28e + -2b7e9?
-2ba88
In base 2, what is 101 - 101010110001001001101010010?
-101010110001001001101001101
In base 11, what is -17928 - -5765?
-12173
In base 10, what is -1677722 + 32?
-1677690
In base 9, what is 1734476 - 10?
1734466
In base 6, what is 2022340523 - -4?
2022340531
In base 4, what is -1300 + 302032330?
302031030
In base 15, what is c50 + -2177a?
-20a2a
In base 12, what is 19 - -2807388?
28073a5
In base 2, what is -110110101000011100 + 101110101?
-110110100010100111
In base 8, what is -50753721 + -5?
-50753726
In base 5, what is -11131441441 + -12?
-11131442003
In base 8, what is -76410736 + -6?
-76410744
In base 6, what is -10324515 - -2443?
-10322032
In base 2, what is 1011000111110011 - -110000?
1011001000100011
In base 5, what is -44030020 + -33?
-44030103
In base 8, what is -14311 - 32234?
-46545
In base 3, what is -2121212222112 - 1?
-2121212222120
In base 8, what is 1176451 + -3102?
1173347
In base 7, what is 423 - -6623602?
6624325
In base 13, what is 1c8c8b6 + -5?
1c8c8b1
In base 5, what is 12232142040 + 1?
12232142041
In base 8, what is -4625 + 426462?
421635
In base 15, what is 2b7660b + 7?
2b76613
In base 3, what is 212221001202 - -120?
212221002022
In base 15, what is 17561 + 65?
175c6
In base 5, what is -110413140 + -421?
-110414111
In base 5, what is 12 + 120421144041?
120421144103
In base 14, what is -4 + -1c9b8b5?
-1c9b8b9
In base 9, what is 12136414 + 16?
12136431
In base 13, what is 49003865 + -5?
49003860
In base 16, what is -231b12 + 5?
-231b0d
In base 16, what is -1cfd6017 + -3?
-1cfd601a
In base 15, what is 41 - 5b2808?
-5b27b7
In base 6, what is -5323412 - -100?
-5323312
In base 14, what is -1531 - 7500?
-8a31
In base 9, what is 3 + 17132263?
17132266
In base 14, what is 54 + 626cd?
62743
In base 14, what is -9b + -5967?
-5a24
In base 3, what is 12 + 2102220211002?
2102220211021
In base 9, what is -1 + -482011148?
-482011150
In base 16, what is 13 + 179dbab?
179dbbe
In base 15, what is -7375a2a - -2?
-7375a28
In base 5, what is -4114433404 - 220?
-4114434124
In base 14, what is -13389 - 4bb?
-13866
In base 16, what is -c2f49 + 5?
-c2f44
In base 6, what is -2 + -2440032213?
-2440032215
In base 13, what is -369881 + 9?
-369875
In base 13, what is 2b + -23664c?
-236621
In base 11, what is -5 - 144969?
-144973
In base 9, what is 101186 + 14?
101211
In base 7, what is -13552025621 + 5?
-13552025613
In base 12, what is -309 - 13b2a?
-14237
In base 12, what is 18 - 228a50?
-228a34
In base 4, what is 0 - 212213123130?
-212213123130
In base 10, what is -7696 + 9296?
1600
In base 14, what is 5c + -120d39?
-120cbb
In base 8, what is -3 - 151323174?
-151323177
In base 8, what is 55 + -162075?
-162020
In base 11, what is 1719a03 - 141?
1719872
In base 9, what is -6057138 - 3?
-6057142
In base 11, what is 49 - 826962?
-826914
In base 6, what is -3 + -1323415524?
-1323415531
In base 3, what is -11120 - 211200222211?
-211201011101
In base 9, what is -12 - -22455275?
22455263
In base 13, what is c7 + -144892?
-144798
In base 11, what is 0 + -136249a?
-136249a
In base 7, what is -20 - 21600045?
-21600065
In base 8, what is 2247563 + -62?
2247501
In base 15, what is 4 - -73c897?
73c89b
In base 13, what is 1 - -16a13849?
16a1384a
In base 12, what is -77 + -199986?
-199a41
In base 13, what is -b1376 + 46?
-b1330
In base 2, what is -101010 - 101110101000110000?
-101110101001011010
In base 8, what is 146705 - -243?
147150
In base 15, what is -8dda55 - -5?
-8dda50
In base 13, what is -19389 + 6b3?
-189a6
In base 3, what is 102000011000 - 201000?